{"id":253,"date":"2018-05-11T07:32:18","date_gmt":"2018-05-11T07:32:18","guid":{"rendered":"http:\/\/109.199.126.169\/~jpwebseo\/demo\/Haikyu\/?page_id=253"},"modified":"2019-05-20T10:34:55","modified_gmt":"2019-05-20T10:34:55","slug":"su-kien","status":"publish","type":"page","link":"https:\/\/haikyu.vn\/dev\/su-kien\/","title":{"rendered":"S\u01b0\u0323 ki\u00ea\u0323n"},"content":{"rendered":"<p>[vc_row el_id=&#8221;event-page&#8221;][vc_column el_class=&#8221;right-50 tablet100&#8243;][vc_row_inner][vc_column_inner el_class=&#8221;box-noidung&#8221;][vc_column_text]<\/p>\n<div class=\"div-title right\">\n<h3 class=\"title-noidung\">Gia\u0309i \u0111\u00e2\u0301u<\/h3>\n<\/div>\n<p>[\/vc_column_text][vc_column_text el_class=&#8221;scroll-page&#8221;]                \n                    <table width=\"100%\" border=\"0\" align=\"center\" cellpadding=\"4\" cellspacing=\"0\" class=\"tb-news-event tb-table-giaidau\"> \n                        <tbody>\n                            \n                            <tr class=\"header-table-sukien\">\n                                <td class=\"tb-image\"><\/td>\n                                <td valign=\"top\" class=\"tb-title\">T\u00ean<\/td>\n                                <td class=\"tb-location\">\u0110\u1ecba \u0111i\u1ec3m<\/td>\n                                <td valign=\"top\" class=\"tb-date\">Ng\u00e0y<\/td>\n                                \n                            <\/tr>   \n                                                                        \n                                                      \n                                                            <tr>      \n                                                                <td class=\"tb-image\">\n                                                                    <a href=\"https:\/\/haikyu.vn\/dev\/giai-dau\/giai-dau-haikyu-toan-quoc-ha-noi-05-05-19\/\"><img width=\"154\" height=\"90\" src=\"https:\/\/haikyu.vn\/dev\/wp-content\/uploads\/2019\/05\/giai-dau-toan-quoc_190507_09-e1560822008169-154x90.jpg\" class=\"thumsk-radius4px wp-post-image\" alt=\"Gi\u1ea3i \u0111\u1ea5u Haikyu!! Volleyball Card Game to\u00e0n qu\u1ed1c t\u1ea1i H\u00e0 N\u1ed9i\" loading=\"lazy\" \/><\/a>       \n                                                                <\/td>\n                                                                <td valign=\"top\" class=\"tb-title\">\n                                                                    <a href=\"https:\/\/haikyu.vn\/dev\/giai-dau\/giai-dau-haikyu-toan-quoc-ha-noi-05-05-19\/\"><p>GI\u1ea2I \u0110\u1ea4U HAIKYU!! VOLLEYBALL CARD GAME TO\u00c0N QU\u1ed0C T\u1ea0I H\u00c0 N\u1ed8I TH\u00c1NG 05\/2019<\/p><\/a>\n                                                                    <div class=\"excerpt\"><p>Ti\u1ebfp n\u1ed1i gi\u1ea3i \u0111\u1ea5u \u0111\u1ea7u ti\u00ean trong h\u1ec7 th\u1ed1ng gi\u1ea3i Haikyu!! Volleyball Card Game to\u00e0n qu\u1ed1c t\u1ea1i TP. H\u1ed3 Ch\u00ed Minh v\u00e0o cu\u1ed1i th\u00e1ng 4, gi\u1ea3i \u0111\u1ea5u th\u1ee9 hai trong h\u1ec7 th\u1ed1ng \u0111\u00e3 di\u1ec5n ra \u1edf H\u00e0 N\u1ed9i v\u00e0o ng\u00e0y 5\/5\/2019.<\/p>\n <\/div>   \n                                                                <\/td> \n                                                                <td class=\"tb-location\">GG Store - 15 B\u00f9i Ng\u1ecdc D\u01b0\u01a1ng, Qu\u1eadn Hai B\u00e0 Tr\u01b0ng, H\u00e0 N\u1ed9i<\/td>\n                                                                <td valign=\"top\" class=\"tb-date\">05\/05\/2019<\/td>\n                                                            <\/tr>  \n                                                             \n                                                                  \n                                                                            \n                                                      \n                                                            <tr>      \n                                                                <td class=\"tb-image\">\n                                                                    <a href=\"https:\/\/haikyu.vn\/dev\/giai-dau\/giai-dau-haikyu-toan-quoc-hcm-14-04-19\/\"><img width=\"154\" height=\"90\" src=\"https:\/\/haikyu.vn\/dev\/wp-content\/uploads\/2019\/04\/giai-dau-haikyu-toan-quoc-154x90.jpg\" class=\"thumsk-radius4px wp-post-image\" alt=\"Gi\u1ea3i \u0111\u1ea5u Haikyu!! to\u00e0n qu\u1ed1c\" loading=\"lazy\" \/><\/a>       \n                                                                <\/td>\n                                                                <td valign=\"top\" class=\"tb-title\">\n                                                                    <a href=\"https:\/\/haikyu.vn\/dev\/giai-dau\/giai-dau-haikyu-toan-quoc-hcm-14-04-19\/\"><p>GI\u1ea2I \u0110\u1ea4U HAIKYU!! VOLLLEYBALL CARD GAME TO\u00c0N QU\u1ed0C \u2013 T\u1ed4NG K\u1ebeT GI\u1ea2I \u0110\u1ea4U \u0110\u1ea6U TI\u00caN 04\/2019<\/p><\/a>\n                                                                    <div class=\"excerpt\"><p>V\u00e0o ng\u00e0y 14\/04\/2019 v\u1eeba qua, gi\u1ea3i \u0111\u1ea5u \u0111\u1ea7u ti\u00ean trong h\u1ec7 th\u1ed1ng gi\u1ea3i Haikyu!! Volleyball Card Game to\u00e0n qu\u1ed1c \u0111\u00e3 di\u1ec5n ra t\u1ed1t \u0111\u1eb9p v\u1edbi s\u1ef1 tham gia c\u1ee7a 19 ng\u01b0\u1eddi ch\u01a1i. Gi\u1ea3i \u0111\u1ea5u th\u1eadt s\u1ef1 l\u00e0 c\u01a1 h\u1ed9i \u0111\u1ec3 ng\u01b0\u1eddi ch\u01a1i Haikyu!! th\u1ecfa s\u1ee9c thi \u0111\u1ea5u b\u1eb1ng b\u1ed9 c\u1edd t\u00e2m \u0111\u1eafc c\u1ee7a m\u00ecnh.<\/p>\n <\/div>   \n                                                                <\/td> \n                                                                <td class=\"tb-location\">WAYS Cafe & Mobile Gaming, L\u1ea7u 1, 64 Ho\u00e0ng Hoa Th\u00e1m, P.7, Q. B\u00ecnh Th\u1ea1nh, TP. HCM<\/td>\n                                                                <td valign=\"top\" class=\"tb-date\">14\/04\/2019<\/td>\n                                                            <\/tr>  \n                                                             \n                                                                  \n                                                                            \n                                                      \n                                                            <tr>      \n                                                                <td class=\"tb-image\">\n                                                                    <a href=\"https:\/\/haikyu.vn\/dev\/giai-dau\/giai-dau-haikyu-mini-series-lan-1\/\"><img width=\"154\" height=\"90\" src=\"https:\/\/haikyu.vn\/dev\/wp-content\/uploads\/2018\/12\/giai-dau-haikyu-mini-series-ava-154x90.jpg\" class=\"thumsk-radius4px wp-post-image\" alt=\"\" loading=\"lazy\" \/><\/a>       \n                                                                <\/td>\n                                                                <td valign=\"top\" class=\"tb-title\">\n                                                                    <a href=\"https:\/\/haikyu.vn\/dev\/giai-dau\/giai-dau-haikyu-mini-series-lan-1\/\"><p>Gi\u1ea3i \u0111\u1ea5u Haikyu!! Mini Series L\u1ea7n 1<\/p><\/a>\n                                                                    <div class=\"excerpt\"><p>T\u00e2m \u0111i\u1ec3m trong hai ng\u00e0y di\u1ec5n ra S\u1ef1 ki\u1ec7n ra m\u1eaft B\u1ed9 c\u1edd b\u00f3ng chuy\u1ec1n Haikyu!! t\u1ea1i TP. H\u1ed3 Ch\u00ed Minh l\u00e0 4 gi\u1ea3i \u0111\u1ea5u mini. V\u1edbi s\u1ed1 l\u01b0\u1ee3ng ng\u01b0\u1eddi tham gia t\u1eeb 8-16 ng\u01b0\u1eddi m\u1ed7i gi\u1ea3i, \u0111\u00e2y l\u00e0 c\u01a1 h\u1ed9i \u0111\u1ec3 c\u00e1c b\u1ea1n c\u00f3 th\u1ec3 tr\u1ea3i nghi\u1ec7m kh\u00f4ng kh\u00ed thi \u0111\u1ea5u Haikyu!!. <\/p>\n <\/div>   \n                                                                <\/td> \n                                                                <td class=\"tb-location\">Trung t\u00e2m s\u00e1ch Kim \u0110\u1ed3ng<\/td>\n                                                                <td valign=\"top\" class=\"tb-date\">16\/12\/2018<\/td>\n                                                            <\/tr>  \n                                                             \n                                                                  \n                                                        \n                                     <\/tbody>\n                <\/table>\n\n                [\/vc_column_text][\/vc_column_inner][\/vc_row_inner][vc_row_inner][vc_column_inner el_class=&#8221;box-noidung&#8221;][vc_column_text]<\/p>\n<div class=\"div-title right\">\n<h3 class=\"title-noidung\">Qu\u1ea3ng b\u00e1<\/h3>\n<\/div>\n<p>[\/vc_column_text][vc_column_text el_class=&#8221;scroll-page&#8221;]                \n                    <table width=\"100%\" border=\"0\" align=\"center\" cellpadding=\"4\" cellspacing=\"0\" class=\"tb-news-event tb-table-giaidau\"> \n                        <tbody>\n                            \n                            <tr class=\"header-table-sukien\">\n                                <td class=\"tb-image\"><\/td>\n                                <td valign=\"top\" class=\"tb-title\">T\u00ean<\/td>\n                                <td class=\"tb-location\">\u0110\u1ecba \u0111i\u1ec3m<\/td>\n                                <td valign=\"top\" class=\"tb-date\">Ng\u00e0y<\/td>\n                                \n                            <\/tr>   \n                                                                        \n                                                      \n                                                            <tr>      \n                                                                <td class=\"tb-image\">\n                                                                    <a href=\"https:\/\/haikyu.vn\/dev\/quang-ba\/cung-choi-haikyu-tai-truong-thpt-chuyen-tran-dai-nghia\/\"><img width=\"154\" height=\"90\" src=\"https:\/\/haikyu.vn\/dev\/wp-content\/uploads\/2019\/05\/cover-154x90.jpg\" class=\"thumsk-radius4px wp-post-image\" alt=\"C\u00f9ng ch\u01a1i Haikyu!! t\u1ea1i tr\u01b0\u1eddng THPT chuy\u00ean Tr\u1ea7n \u0110\u1ea1i Ngh\u0129a\" loading=\"lazy\" \/><\/a>       \n                                                                <\/td>\n                                                                <td valign=\"top\" class=\"tb-title\">\n                                                                    <a href=\"https:\/\/haikyu.vn\/dev\/quang-ba\/cung-choi-haikyu-tai-truong-thpt-chuyen-tran-dai-nghia\/\"><p>C\u00d9NG CH\u01a0I HAIKYU!! T\u1ea0I TR\u01af\u1edcNG THPT CHUY\u00caN TR\u1ea6N \u0110\u1ea0I NGH\u0128A<\/p><\/a>\n                                                                    <div class=\"excerpt\"><p>Sau m\u1ed9t m\u00f9a thi c\u0103ng th\u1eb3ng v\u00e0 m\u1ec7t m\u1ecfi, c\u00e1c b\u1ea1n h\u1ecdc sinh tr\u01b0\u1eddng THPT Chuy\u00ean Tr\u1ea7n \u0110\u1ea1i Ngh\u0129a \u0111\u00e3 c\u00f3 nh\u1eefng ph\u00fat gi\u00e2y th\u01b0 gi\u00e3n v\u00f4 c\u00f9ng tho\u1ea3i m\u00e1i v\u1edbi nhi\u1ec1u ho\u1ea1t \u0111\u1ed9ng th\u00fa v\u1ecb t\u1ea1i x\u1eed s\u1edf th\u1ea7n ti\u00ean \u201cJapanese Folktales: Words Of Miracles\u201d \u2013 s\u1ef1 ki\u1ec7n do C\u00e2u l\u1ea1c b\u1ed9 V\u0103n h\u00f3a Nh\u1eadt B\u1ea3n c\u1ee7a tr\u01b0\u1eddng t\u1ed5 ch\u1ee9c.<\/p>\n <\/div>   \n                                                                <\/td> \n                                                                <td class=\"tb-location\">Tr\u01b0\u1eddng THPT Chuy\u00ean Tr\u1ea7n \u0110\u1ea1i Ngh\u0129a <\/td>\n                                                                <td valign=\"top\" class=\"tb-date\">18\/05\/2019<\/td>\n                                                            <\/tr>  \n                                                             \n                                                                  \n                                                                            \n                                                      \n                                                            <tr>      \n                                                                <td class=\"tb-image\">\n                                                                    <a href=\"https:\/\/haikyu.vn\/dev\/quang-ba\/ngay-hoi-nhat-ban-dai-hoc-ngoai-thuong-co-so-2\/\"><img width=\"154\" height=\"90\" src=\"https:\/\/haikyu.vn\/dev\/wp-content\/uploads\/2019\/05\/ngay-hoi-nhat-ban-10-154x90.jpg\" class=\"thumsk-radius4px wp-post-image\" alt=\"Ng\u00e0y h\u1ed9i Nh\u1eadt B\u1ea3n\" loading=\"lazy\" \/><\/a>       \n                                                                <\/td>\n                                                                <td valign=\"top\" class=\"tb-title\">\n                                                                    <a href=\"https:\/\/haikyu.vn\/dev\/quang-ba\/ngay-hoi-nhat-ban-dai-hoc-ngoai-thuong-co-so-2\/\"><p>NG\u00c0Y H\u1ed8I NH\u1eacT B\u1ea2N \u2013 \u0110\u1ea0I H\u1eccC NGO\u1ea0I TH\u01af\u01a0NG C\u01a0 S\u1ede 2<\/p><\/a>\n                                                                    <div class=\"excerpt\"><p>Ng\u00e0y h\u1ed9i Nh\u1eadt B\u1ea3n l\u00e0 m\u1ed9t ch\u01b0\u01a1ng tr\u00ecnh giao l\u01b0u v\u0103n h\u00f3a Nh\u1eadt B\u1ea3n do FJC \u2013 CLB ti\u1ebfng Nh\u1eadt tr\u01b0\u1eddng \u0110H Ngo\u1ea1i th\u01b0\u01a1ng c\u01a1 s\u1edf 2 t\u1ed5 ch\u1ee9c, nh\u1eb1m t\u1ea1o cho m\u1ecdi ng\u01b0\u1eddi m\u1ed9t s\u00e2n ch\u01a1i \u0111\u1ec3 giao l\u01b0u, t\u00ecm hi\u1ec3u v\u00e0 kh\u00e1m ph\u00e1 v\u0103n h\u00f3a x\u1ee9 s\u1edf hoa anh \u0111\u00e0o. V\u1edbi ch\u1ee7 \u0111\u1ec1 c\u1ee7a n\u0103m nay l\u00e0 \u201cL\u1ea1c\u201d, s\u1ef1 ki\u1ec7n ng\u00e0y 12\/05\/2019 v\u1eeba qua \u0111\u00e3 thu h\u00fat \u0111\u00f4ng \u0111\u1ea3o c\u00e1c b\u1ea1n tr\u1ebb l\u00e0 sinh vi\u00ean c\u1ee7a tr\u01b0\u1eddng c\u0169ng nh\u01b0 c\u00e1c fan h\u00e2m m\u1ed9 \u0111\u1ebfn tham gia.<\/p>\n <\/div>   \n                                                                <\/td> \n                                                                <td class=\"tb-location\">\u0110\u1ea1i h\u1ecdc Ngo\u1ea1i th\u01b0\u01a1ng c\u01a1 s\u1edf 2 - TPHCM<\/td>\n                                                                <td valign=\"top\" class=\"tb-date\">12\/05\/2019<\/td>\n                                                            <\/tr>  \n                                                             \n                                                                  \n                                                                            \n                                                      \n                                                            <tr>      \n                                                                <td class=\"tb-image\">\n                                                                    <a href=\"https:\/\/haikyu.vn\/dev\/quang-ba\/le-hoi-hoa-anh-dao-nhat-ban-2019\/\"><img width=\"154\" height=\"90\" src=\"https:\/\/haikyu.vn\/dev\/wp-content\/uploads\/2019\/03\/ava-quang-ba-154x90.png\" class=\"thumsk-radius4px wp-post-image\" alt=\"L\u1ec5 h\u1ed9i hoa anh \u0111\u00e0o\" loading=\"lazy\" \/><\/a>       \n                                                                <\/td>\n                                                                <td valign=\"top\" class=\"tb-title\">\n                                                                    <a href=\"https:\/\/haikyu.vn\/dev\/quang-ba\/le-hoi-hoa-anh-dao-nhat-ban-2019\/\"><p>L\u1ec4 H\u1ed8I HOA ANH \u0110\u00c0O NH\u1eacT B\u1ea2N 2019<\/p><\/a>\n                                                                    <div class=\"excerpt\"><p>L\u1ec5 h\u1ed9i Hoa anh \u0111\u00e0o Nh\u1eadt B\u1ea3n &#8211; H\u00e0 N\u1ed9i 2019 do TP. H\u00e0 N\u1ed9i v\u00e0 \u0110\u1ea1i s\u1ee9 qu\u00e1n Nh\u1eadt B\u1ea3n t\u1ea1i Vi\u1ec7t Nam ph\u1ed1i h\u1ee3p t\u1ed5 ch\u1ee9c s\u1ebd di\u1ec5n ra t\u1eeb ng\u00e0y 29 &#8211; 31\/3\/2019 v\u1edbi nhi\u1ec1u ho\u1ea1t \u0111\u1ed9ng giao l\u01b0u v\u0103n h\u00f3a \u0111a d\u1ea1ng<\/p>\n <\/div>   \n                                                                <\/td> \n                                                                <td class=\"tb-location\">V\u01b0\u1eddn hoa L\u00fd Th\u00e1i T\u1ed5<\/td>\n                                                                <td valign=\"top\" class=\"tb-date\">30\/03\/2019<\/td>\n                                                            <\/tr>  \n                                                             \n                                                                  \n                                                                            \n                                                      \n                                                            <tr>      \n                                                                <td class=\"tb-image\">\n                                                                    <a href=\"https:\/\/haikyu.vn\/dev\/quang-ba\/le-hoi-nhat-ban-japan-wave-2019\/\"><img width=\"154\" height=\"90\" src=\"https:\/\/haikyu.vn\/dev\/wp-content\/uploads\/2019\/03\/ava-japan-wave-154x90.jpg\" class=\"thumsk-radius4px wp-post-image\" alt=\"Japan Wave 2019\" loading=\"lazy\" \/><\/a>       \n                                                                <\/td>\n                                                                <td valign=\"top\" class=\"tb-title\">\n                                                                    <a href=\"https:\/\/haikyu.vn\/dev\/quang-ba\/le-hoi-nhat-ban-japan-wave-2019\/\"><p>L\u1ec4 H\u1ed8I NH\u1eacT B\u1ea2N JAPAN WAVE 2019<\/p><\/a>\n                                                                    <div class=\"excerpt\"><p>L\u1ec5 h\u1ed9i Nh\u1eadt B\u1ea3n Japan Wave 2019 di\u1ec5n ra v\u00e0o ng\u00e0y 24\/03 n\u00e0y v\u1edbi nhi\u1ec1u tr\u1ea3i nghi\u1ec7m ho\u00e0n to\u00e0n m\u1edbi l\u1ea1 v\u00e0 th\u00fa v\u1ecb v\u1ec1 v\u0103n h\u00f3a th\u1ea7n \u0111\u1ea1o \u0111\u1ebfn t\u1eeb \u0111\u1ea5t n\u01b0\u1edbc m\u1eb7t tr\u1eddi m\u1ecdc.<\/p>\n <\/div>   \n                                                                <\/td> \n                                                                <td class=\"tb-location\">Trung T\u00e2m V\u0103n H\u00f3a Qu\u1eadn 8<\/td>\n                                                                <td valign=\"top\" class=\"tb-date\">24\/03\/2019<\/td>\n                                                            <\/tr>  \n                                                             \n                                                                  \n                                                                            \n                                                      \n                                                            <tr>      \n                                                                <td class=\"tb-image\">\n                                                                    <a href=\"https:\/\/haikyu.vn\/dev\/quang-ba\/phat-tang-bo-co-bong-chuyen-haikyu-tai-da-nang\/\"><img width=\"154\" height=\"90\" src=\"https:\/\/haikyu.vn\/dev\/wp-content\/uploads\/2019\/03\/Haikyu-su-kien-Da-Nang-ava-154x90.jpg\" class=\"thumsk-radius4px wp-post-image\" alt=\"Ph\u00e1t t\u1eb7ng b\u1ed9 c\u1edd c\u01a1 b\u1ea3n Haikyu t\u1ea1i \u0110\u00e0 N\u1eb5ng\" loading=\"lazy\" \/><\/a>       \n                                                                <\/td>\n                                                                <td valign=\"top\" class=\"tb-title\">\n                                                                    <a href=\"https:\/\/haikyu.vn\/dev\/quang-ba\/phat-tang-bo-co-bong-chuyen-haikyu-tai-da-nang\/\"><p>PH\u00c1T T\u1eb6NG B\u1ed8 C\u1edc B\u00d3NG CHUY\u1ec0N HAIKYU!! T\u1ea0I \u0110\u00c0 N\u1eb4NG<\/p><\/a>\n                                                                    <div class=\"excerpt\"><p>Sau H\u00e0 N\u1ed9i v\u00e0 TP. HCM, \u0110\u00e0 N\u1eb5ng l\u00e0 n\u01a1i d\u1eebng ch\u00e2n ti\u1ebfp theo c\u1ee7a chu\u1ed7i ho\u1ea1t \u0111\u1ed9ng th\u00e1ng 3 c\u1ee7a Haikyu!! Volleyball Card Game t\u1ea1i 2 tr\u01b0\u1eddng \u0110\u1ea1i h\u1ecdc \u0110\u00f4ng \u00c1 v\u00e0 \u0110\u1ea1i h\u1ecdc FPT \u0110\u00e0 N\u1eb5ng<\/p>\n <\/div>   \n                                                                <\/td> \n                                                                <td class=\"tb-location\">\u0110\u1ea1i h\u1ecdc \u0110\u00f4ng \u00c1 & \u0110\u1ea1i H\u1ecdc FPT \u0110\u00e0 N\u1eb5ng<\/td>\n                                                                <td valign=\"top\" class=\"tb-date\">21\/03\/2019<\/td>\n                                                            <\/tr>  \n                                                             \n                                                                  \n                                                        \n                                     <\/tbody>\n                <\/table>\n\n                [\/vc_column_text][\/vc_column_inner][\/vc_row_inner][\/vc_column][\/vc_row]<\/p>\n","protected":false},"excerpt":{"rendered":"<p>[vc_row el_id=&#8221;event-page&#8221;][vc_column el_class=&#8221;right-50 tablet100&#8243;][vc_row_inner][vc_column_inner el_class=&#8221;box-noidung&#8221;][vc_column_text] Gia\u0309i \u0111\u00e2\u0301u [\/vc_column_text][vc_column_text el_class=&#8221;scroll-page&#8221;][\/vc_column_text][\/vc_column_inner][\/vc_row_inner][vc_row_inner][vc_column_inner el_class=&#8221;box-noidung&#8221;][vc_column_text] Qu\u1ea3ng b\u00e1 [\/vc_column_text][vc_column_text el_class=&#8221;scroll-page&#8221;][\/vc_column_text][\/vc_column_inner][\/vc_row_inner][\/vc_column][\/vc_row]<\/p>\n","protected":false},"author":4,"featured_media":0,"parent":0,"menu_order":0,"comment_status":"closed","ping_status":"closed","template":"","meta":[],"_links":{"self":[{"href":"https:\/\/haikyu.vn\/dev\/wp-json\/wp\/v2\/pages\/253"}],"collection":[{"href":"https:\/\/haikyu.vn\/dev\/wp-json\/wp\/v2\/pages"}],"about":[{"href":"https:\/\/haikyu.vn\/dev\/wp-json\/wp\/v2\/types\/page"}],"author":[{"embeddable":true,"href":"https:\/\/haikyu.vn\/dev\/wp-json\/wp\/v2\/users\/4"}],"replies":[{"embeddable":true,"href":"https:\/\/haikyu.vn\/dev\/wp-json\/wp\/v2\/comments?post=253"}],"version-history":[{"count":45,"href":"https:\/\/haikyu.vn\/dev\/wp-json\/wp\/v2\/pages\/253\/revisions"}],"predecessor-version":[{"id":2351,"href":"https:\/\/haikyu.vn\/dev\/wp-json\/wp\/v2\/pages\/253\/revisions\/2351"}],"wp:attachment":[{"href":"https:\/\/haikyu.vn\/dev\/wp-json\/wp\/v2\/media?parent=253"}],"curies":[{"name":"wp","href":"https:\/\/api.w.org\/{rel}","templated":true}]}}